te the greatest common factor of 53300 and 549728.
164
What is the highest common factor of 12940 and 13473775?
3235
What is the highest common divisor of 154 and 469473235?
77
Calculate the greatest common divisor of 14338118 and 6102.
226
What is the greatest common divisor of 1413425 and 164125?
325
What is the highest common divisor of 48568304 and 48?
16
What is the greatest common divisor of 51367 and 4563378?
1657
Calculate the greatest common divisor of 1032 and 20268480.
1032
Calculate the greatest common factor of 4992839 and 19.
19
What is the greatest common factor of 105600 and 4860?
60
Calculate the greatest common factor of 6010 and 168884005.
3005
Calculate the greatest common factor of 992576 and 2240.
64
What is the greatest common divisor of 748 and 2265076?
44
Calculate the highest common divisor of 7946 and 4051706.
58
Calculate the highest common divisor of 34865948 and 688.
172
Calculate the greatest common divisor of 18648 and 26426547.
2331
Calculate the highest common divisor of 336 and 14908488.
168
What is the greatest common divisor of 2501870 and 694?
694
What is the greatest common divisor of 47718 and 305910?
198
Calculate the greatest common divisor of 5604 and 275820.
12
What is the highest common divisor of 26 and 822733665?
13
Calculate the highest common factor of 190756 and 1339412.
412
Calculate the highest common divisor of 2664 and 108261963.
333
What is the highest common divisor of 3009852 and 20844?
108
Calculate the greatest common divisor of 248345038 and 116.
58
Calculate the greatest common factor of 3211653 and 35670.
123
Calculate the greatest common factor of 217671 and 39909.
159
Calculate the greatest common divisor of 3836671 and 174.
29
What is the highest common divisor of 251593643 and 134?
67
What is the highest common divisor of 22504 and 316705?
97
Calculate the highest common factor of 12743509 and 19.
19
Calculate the greatest common divisor of 142003911 and 399.
21
What is the greatest common divisor of 1360 and 91136320?
1360
What is the highest common divisor of 7830 and 32310640?
290
Calculate the greatest common divisor of 18279 and 1971.
27
What is the highest common divisor of 38332 and 27824?
148
What is the greatest common divisor of 31463 and 105631?
73
What is the highest common factor of 58688 and 724864?
448
What is the greatest common divisor of 247 and 5454748?
247
Calculate the greatest common divisor of 5006 and 325705378.
5006
What is the greatest common divisor of 13166 and 2611862?
454
Calculate the highest common divisor of 952364 and 73444.
1204
Calculate the highest common factor of 141 and 18022385.
47
Calculate the highest common divisor of 768 and 5037408.
96
Calculate the highest common divisor of 476 and 1594719.
119
What is the greatest common divisor of 17355 and 1120275?
195
What is the greatest common divisor of 2481 and 798284079?
2481
Calculate the highest common factor of 91339757 and 166.
83
Calculate the greatest common factor of 352 and 1894453.
11
Calculate the greatest common divisor of 111033692 and 22330.
4466
Calculate the greatest common divisor of 49584 and 53558984.
8264
Calculate the greatest common divisor of 4765755072 and 39.
39
Calculate the highest common factor of 25496847 and 522.
9
What is the highest common factor of 42 and 526780?
2
Calculate the greatest common factor of 77286374 and 88.
22
What is the greatest common factor of 6667604 and 40052?
2108
What is the greatest common divisor of 438361536 and 6121?
6121
What is the greatest common factor of 168 and 5738964?
84
What is the highest common factor of 237249 and 1269?
27
What is the greatest common factor of 4910756 and 48316?
1028
What is the highest common factor of 126 and 829831401?
63
Calculate the highest common divisor of 46916177 and 718732.
9457
What is the highest common divisor of 15506712 and 3?
3
Calculate the highest common divisor of 16524 and 9020727.
1377
Calculate the highest common divisor of 6531 and 3914868.
933
Calculate the highest common divisor of 342 and 481473927.
171
Calculate the highest common factor of 42 and 14382466.
14
Calculate the greatest common factor of 368 and 361205064.
184
What is the highest common factor of 4300 and 46670480?
860
What is the greatest common divisor of 272 and 244456668?
68
Calculate the highest common divisor of 360126 and 43719.
741
What is the highest common divisor of 143199 and 1575?
63
Calculate the highest common divisor of 2921 and 79580.
23
What is the highest common factor of 1157695 and 3311?
77
Calculate the highest common factor of 9300 and 146444.
124
What is the greatest common factor of 257894551 and 82?
41
Calculate the greatest common divisor of 1501 and 704775037.
1501
Calculate the highest common factor of 1418927347 and 753.
251
Calculate the greatest common factor of 4722 and 2514.
6
What is the highest common divisor of 2108 and 7060508?
68
What is the greatest common factor of 23239 and 21039497?
1367
What is the greatest common divisor of 355875 and 701025?
975
Calculate the greatest common factor of 40158 and 398379.
291
Calculate the highest common factor of 12108 and 1548903792.
12108
What is the highest common factor of 1183095 and 2522655?
2745
What is the highest common factor of 480 and 2098940?
20
Calculate the highest common divisor of 3883773 and 1023.
93
What is the greatest common divisor of 3717480 and 7030?
10
Calculate the greatest common factor of 930818 and 910.
14
What is the highest common factor of 491966225 and 1075?
1075
What is the greatest common factor of 2754307190 and 4930?
4930
What is the greatest common divisor of 1426 and 5816468?
62
Calculate the highest common factor of 25414745 and 148.
37
What is the greatest common factor of 139784 and 239432?
1384
Calculate the greatest common divisor of 75341 and 66787.
329
What is the greatest common divisor of 140 and 91482965?
35
Calculate the greatest common divisor of 1848 and 9420488.
616
Calculate the greatest common divisor of 5200821 and 852.
213
Calculate the highest common divisor of 4108125 and 60.
15
Calculate the highest common divisor of 43840 and 15481.
137
Calculate the highest common factor of 90 and 338970.
30
What is the greatest common divisor of 11320288 and 24832?
3104
What is the highest common divisor of 105495328 and 40?
8
Calculate the greatest common factor of 800 and 13168.
16
Calculate the highest common factor of 8 and 5972208.
8
What is the highest common divisor of 9924 and 7146107?
827
What is the highest common divisor of 489 and 64443?
3
What is the highest common divisor of 455140 and 5306?
14
What is the greatest common divisor of 2575202 and 42?
14
What is the highest common factor of 19 and 93169?
1
Calculate the greatest common factor of 19241450 and 14450.
850
Calculate the greatest common factor of 3950989 and 63336.
203
What is the greatest common factor of 97007958 and 56202?
3306
What is the highest common factor of 68845 and 77556?
281
Calculate the greatest common divisor of 1 and 86429299.
1
What is the highest common factor of 11787579 and 27?
27
What is the greatest common divisor of 9425246 and 953494?
8438
Calculate the highest common factor of 204108 and 480.
12
Calculate the greatest common divisor of 2814 and 9174042.
402
Calculate the greatest common factor of 3 and 1925929.
1
What is the greatest common factor of 2826413590 and 386?
386
What is the greatest common factor of 499 and 325060077?
499
Calculate the greatest common factor of 471 and 1214054938.
157
Calculate the greatest common divisor of 190401 and 159.
3
What is the greatest common divisor of 122018 and 135369?
169
Calculate the highest common divisor of 975 and 68861.
13
Calculate the highest common divisor of 3924 and 168164328.
1308
What is the greatest common divisor of 470452618 and 8794?
8794
Calculate the greatest common factor of 3407 and 3071546780.
3407
Calculate the highest common factor of 4928 and 168175392.
2464
Calculate the highest common divisor of 140 and 3882980.
20
Calculate the highest common divisor of 598130 and 101650.
1070
Calculate the greatest common divisor of 2078950 and 40.
10
Calculate the highest common divisor of 51400118 and 1078.
1078
Calculate the greatest